3 is divided by 97.
80
Calculate the remainder when 965862 is divided by 1000.
862
What is the remainder when 32934570 is divided by 1029205?
10
Calculate the remainder when 22029408 is divided by 34367.
161
Calculate the remainder when 10349674 is divided by 87709.
12
What is the remainder when 2350337 is divided by 406?
3
Calculate the remainder when 298129 is divided by 12383.
937
What is the remainder when 853349 is divided by 94812?
41
What is the remainder when 48091 is divided by 14243?
5362
Calculate the remainder when 103932197 is divided by 28.
5
Calculate the remainder when 556718 is divided by 3712.
3630
What is the remainder when 5220872 is divided by 91?
20
Calculate the remainder when 7845710 is divided by 137.
131
Calculate the remainder when 938866421 is divided by 1094.
1091
Calculate the remainder when 6021501 is divided by 501782.
117
Calculate the remainder when 37365 is divided by 12105.
1050
Calculate the remainder when 16515695 is divided by 37880.
15
Calculate the remainder when 1139359 is divided by 284658.
727
Calculate the remainder when 88480 is divided by 22105.
60
What is the remainder when 545996 is divided by 292?
248
What is the remainder when 215702816 is divided by 5310?
5306
Calculate the remainder when 43916 is divided by 3442.
2612
Calculate the remainder when 384509 is divided by 228.
101
Calculate the remainder when 8899788 is divided by 2224875.
288
What is the remainder when 157242 is divided by 2345?
127
Calculate the remainder when 33125 is divided by 10653.
1166
Calculate the remainder when 26565759 is divided by 237.
192
Calculate the remainder when 92810968 is divided by 42.
40
What is the remainder when 358399 is divided by 119404?
187
Calculate the remainder when 894284 is divided by 102.
50
Calculate the remainder when 7275301 is divided by 4634.
4555
What is the remainder when 43057 is divided by 4776?
73
What is the remainder when 299107 is divided by 49848?
19
Calculate the remainder when 262285324 is divided by 1006.
1004
Calculate the remainder when 106690876 is divided by 2142.
2140
Calculate the remainder when 7779088 is divided by 2907.
2863
Calculate the remainder when 346385 is divided by 2431.
1183
What is the remainder when 64488928 is divided by 96396?
4
Calculate the remainder when 8316679 is divided by 36963.
4
Calculate the remainder when 41318 is divided by 4590.
8
Calculate the remainder when 4812911 is divided by 18300.
11
Calculate the remainder when 27763 is divided by 1372.
323
Calculate the remainder when 103940546 is divided by 328.
298
What is the remainder when 39269814 is divided by 1936?
1926
Calculate the remainder when 19021206 is divided by 976.
918
What is the remainder when 62340 is divided by 11198?
6350
What is the remainder when 100739357 is divided by 6715956?
17
Calculate the remainder when 790820 is divided by 2804.
92
What is the remainder when 625593160 is divided by 2006?
2000
What is the remainder when 2551922 is divided by 1275847?
228
Calculate the remainder when 18100689 is divided by 171.
168
Calculate the remainder when 5759596 is divided by 261799.
18
What is the remainder when 456541 is divided by 11117?
744
What is the remainder when 5912733 is divided by 18?
3
Calculate the remainder when 29522594 is divided by 793.
790
Calculate the remainder when 295434 is divided by 292.
222
Calculate the remainder when 53796098 is divided by 6724511.
10
What is the remainder when 312186 is divided by 8919?
21
Calculate the remainder when 838680 is divided by 539.
535
Calculate the remainder when 93842 is divided by 23182.
1114
What is the remainder when 74874 is divided by 1406?
356
What is the remainder when 241096 is divided by 2368?
1928
What is the remainder when 456075 is divided by 41396?
719
What is the remainder when 101593 is divided by 16923?
55
What is the remainder when 14416954 is divided by 15569?
60
Calculate the remainder when 18669794 is divided by 98262.
14
What is the remainder when 669299 is divided by 2078?
183
Calculate the remainder when 411167 is divided by 59.
55
Calculate the remainder when 1357083 is divided by 4281.
6
What is the remainder when 6489966 is divided by 8?
6
What is the remainder when 158320 is divided by 9301?
203
What is the remainder when 61825 is divided by 2032?
865
Calculate the remainder when 18691041 is divided by 2076776.
57
What is the remainder when 1203564 is divided by 31?
20
What is the remainder when 605774 is divided by 199?
18
What is the remainder when 9085912 is divided by 70?
52
Calculate the remainder when 1955110305 is divided by 276.
273
Calculate the remainder when 19559831 is divided by 808.
575
What is the remainder when 18986130 is divided by 376?
10
What is the remainder when 1435597 is divided by 2745?
2707
What is the remainder when 183616 is divided by 1137?
559
What is the remainder when 71543 is divided by 96?
23
Calculate the remainder when 42383007 is divided by 1630114.
43
What is the remainder when 304915 is divided by 180?
175
Calculate the remainder when 7730573 is divided by 1008.
221
Calculate the remainder when 42488563 is divided by 732561.
25
Calculate the remainder when 16552079 is divided by 2634.
23
What is the remainder when 1138227 is divided by 14?
13
Calculate the remainder when 87525242 is divided by 3.
2
Calculate the remainder when 69205 is divided by 7651.
346
What is the remainder when 24493714 is divided by 12246853?
8
What is the remainder when 2494497 is divided by 623607?
69
What is the remainder when 29251961 is divided by 584?
569
What is the remainder when 11897599 is divided by 1760?
1759
What is the remainder when 2099927 is divided by 3770?
37
Calculate the remainder when 6101257 is divided by 312.
97
What is the remainder when 72445184 is divided by 2257?
2255
Calculate the remainder when 570158864 is divided by 95026476.
8
What is the remainder when 24929593 is divided by 17?
11
What is the remainder when 139197 is divided by 34793?
25
What is the remainder when 164700 is divided by 164398?
302
Calculate the remainder when 348377 is divided by 313.
8
Calculate the remainder when 4022271 is divided by 1377.
54
Calculate the remainder when 8250998 is divided by 18.
14
What is the remainder when 13600 is divided by 1778?
1154
What is the remainder when 4972441 is divided by 331495?
16
What is the remainder when 1211702 is divided by 403878?
68
What is the remainder when 1783701 is divided by 1783701?
0
Calculate the remainder when 321487 is divided by 954.
943
Calculate the remainder when 22188807 is divided by 14124.
3
What is the remainder when 92232 is divided by 29905?
2517
What is the remainder when 36356038 is divided by 1323?
1321
What is the remainder when 95633 is divided by 4334?
285
Calculate the remainder when 272989 is divided by 5801.
342
Calculate the remainder when 1931955 is divided by 386381.
50
What is the remainder when 6855124 is divided by 6855027?
97
What is the remainder when 899672 is divided by 299825?
197
What is the remainder when 93147 is divided by 93094?
53
What is the remainder when 48065 is divided by 411?
389
Calculate the remainder when 238461 is divided by 525.
111
What is the remainder when 244245 is divided by 1351?
1065
Calculate the remainder when 21604 is divided by 10559.
486
What is the remainder when 101049 is divided by 12448?
1465
Calculate the remainder when 193284 is divided by 76.
16
Calculate the remainder when 142499337 is divided by 35624828.
25
Calculate the remainder when 2463917 is divided by 15119.
14639
What is the remainder when 3049096 is divided by 621?
607
Calculate the remainder when 710330 is divided by 117847.
3248
What is the remainder when 133219474 is divided by 197655?
4
What is the remainder when 522628 is divided by 437?
413
Calculate the remainder when 895 is divided by 167.
60
What is the remainder when 5079346 is divided by 429?
415
Calculate the remainder when 54895 is divided by 426.
367
Calculate the remainder when 25678167 is divided by 376.
375
What is the remainder when 256083 is divided by 42622?
351
What is the remainder when 3828258 is divided by 1948?
438
What is the remainder when 110840 is divided by 319?
147
What is the remainder when 8169695 is divided by 255?
